8
What is the tens digit of 6580?
8
What is the units digit of 383?
3
What is the hundreds digit of 71028?
0
What is the ten thousands digit of 13678?
1
What is the tens digit of 22193?
9
What is the tens digit of 9770?
7
What is the tens digit of 14013?
1
What is the hundreds digit of 4952?
9
What is the units digit of 620?
0
What is the hundreds digit of 2459?
4
What is the tens digit of 7920?
2
What is the tens digit of 163?
6
What is the units digit of 566?
6
What is the units digit of 28420?
0
What is the thousands digit of 7168?
7
What is the units digit of 65752?
2
What is the hundreds digit of 23752?
7
What is the tens digit of 26045?
4
What is the units digit of 63417?
7
What is the units digit of 35827?
7
What is the hundreds digit of 999?
9
What is the tens digit of 730?
3
What is the ten thousands digit of 70389?
7
What is the tens digit of 53441?
4
What is the thousands digit of 1741?
1
What is the hundreds digit of 53407?
4
What is the thousands digit of 8080?
8
What is the thousands digit of 3185?
3
What is the hundreds digit of 2731?
7
What is the hundreds digit of 166?
1
What is the tens digit of 1982?
8
What is the hundreds digit of 133?
1
What is the thousands digit of 64383?
4
What is the units digit of 51016?
6
What is the hundreds digit of 385?
3
What is the thousands digit of 2246?
2
What is the thousands digit of 80290?
0
What is the ten thousands digit of 82880?
8
What is the tens digit of 65603?
0
What is the tens digit of 8752?
5
What is the units digit of 406?
6
What is the units digit of 2287?
7
What is the hundreds digit of 2387?
3
What is the thousands digit of 2017?
2
What is the units digit of 356?
6
What is the hundreds digit of 5915?
9
What is the tens digit of 213?
1
What is the hundreds digit of 22287?
2
What is the hundreds digit of 14357?
3
What is the tens digit of 63?
6
What is the units digit of 8471?
1
What is the thousands digit of 1202?
1
What is the tens digit of 1540?
4
What is the hundreds digit of 426?
4
What is the tens digit of 5771?
7
What is the hundreds digit of 805?
8
What is the tens digit of 6415?
1
What is the tens digit of 42613?
1
What is the units digit of 47751?
1
What is the units digit of 29305?
5
What is the ten thousands digit of 20361?
2
What is the units digit of 6289?
9
What is the units digit of 45?
5
What is the units digit of 23741?
1
What is the thousands digit of 12141?
2
What is the ten thousands digit of 49443?
4
What is the thousands digit of 2314?
2
What is the hundreds digit of 258?
2
What is the ten thousands digit of 17530?
1
What is the hundreds digit of 448?
4
What is the tens digit of 8318?
1
What is the tens digit of 3272?
7
What is the hundreds digit of 280?
2
What is the thousands digit of 47775?
7
What is the thousands digit of 5500?
5
What is the tens digit of 630?
3
What is the hundreds digit of 902?
9
What is the hundreds digit of 2152?
1
What is the units digit of 6689?
9
What is the thousands digit of 1591?
1
What is the tens digit of 87975?
7
What is the ten thousands digit of 40093?
4
What is the hundreds digit of 58848?
8
What is the tens digit of 797?
9
What is the units digit of 62791?
1
What is the thousands digit of 4564?
4
What is the thousands digit of 8137?
8
What is the hundreds digit of 3318?
3
What is the tens digit of 57789?
8
What is the tens digit of 237?
3
What is the tens digit of 242?
4
What is the units digit of 3405?
5
What is the tens digit of 843?
4
What is the hundreds digit of 37478?
4
What is the tens digit of 2092?
9
What is the thousands digit of 1611?
1
What is the units digit of 205?
5
What is the units digit of 27080?
0
What is the units digit of 4224?
4
What is the ten thousands digit of 37984?
3
What is the units digit of 6752?
2
What is the hundreds digit of 544?
5
What is the hundreds digit of 43549?
5
What is the ten thousands digit of 55634?
5
What is the tens digit of 62377?
7
What is the tens digit of 1157?
5
What is the ten thousands digit of 10718?
1
What is the thousands digit of 9218?
9
What is the units digit of 571?
1
What is the thousands digit of 2451?
2
What is the thousands digit of 148754?
8
What is the units digit of 40633?
3
What is the units digit of 19901?
1
What is the units digit of 9286?
6
What is the hundreds digit of 392?
3
What is the units digit of 421?
1
What is the tens digit of 29?
2
What is the thousands digit of 23571?
3
What is the thousands digit of 6573?
6
What is the thousands digit of 35593?
5
What is the thousands digit of 16928?
6
What is the units digit of 1126?
6
What is the units digit of 786?
6
What is the tens digit of 6903?
0
What is the units digit of 68679?
9
What is the thousands digit of 65454?
5
What is the tens digit of 89?
8
What is the thousands digit of 1567?
1
What is the units digit of 93486?
6
What is the hundreds digit of 65909?
9
What is the thousands digit of 5570?
5
What is the thousands digit of 1972?
1
What is the tens digit of 4495?
9
What is the tens digit of 2700?
0
What is the hundreds digit of 14475?
4
What is the tens digit of 1034?
3
What is the ten thousands digit of 84219?
8
What is the tens digit of 2141?
4
What is the tens digit of 727?
2
What is the hundreds digit of 240?
2
What is the tens digit of 58686?
8
What is the tens digit of 19329?
2
What is the thousands digit of 1602?
1
What is the hundreds digit of 901?
9
What is the tens digit of 32653?
5
What is the tens digit of 3237?
3
What is the hundreds digit of 1372?
3
What is the hundreds digit of 1662?
6
What is the tens digit of 1066?
6
What is the ten thousands digit of 19035?
1
What is the hundreds digit of 110406?
4
What is the hundreds digit of 29416?
4
What is the tens digit of 1869?
6
What is the hundreds digit of 6590?
5
What is the thousands digit of 9517?
9
What is the tens digit of 410?
1
What is the units digit of 56?
6
What is the thousands digit of 8478?
8
What is the thousands digit of 179509?
9
What is the tens digit of 10858?
5
What is the units digit of 23295?
5
What is the units digit of 52?
2
What is the thousands digit of 5332?
5
What is the hundreds digit of 1366?
3
What is the units digit of 2220?
0
What is the units digit of 34106?
6
What is the units digit of 17050?
0
What is the hundreds digit of 18684?
6
What is the ten thousands digit of 17776?
1
What is the units digit of 684?
4
What is the ten thousands digit of 39490?
3
What is the units digit of 1332?
2
What is the tens digit of 2443?
4
What is the tens digit of 98?
9
What is the units digit of 2065?
5
What is the tens digit of 317?
1
What is the units digit of 7466?
6
What is the tens digit of 537?
3
What is the ten thousands digit of 170351?
7
What is the units digit of 911?
1
What is the thousands digit of 24915?
4
What is the ten thousands digit of 20435?
2
What is the tens digit of 6482?
8
What is the ten thousands digit of 20386?
2
What is the tens digit of 25443?
4
What is the hundreds digit of 7450?
4
What is the tens digit of 2036?
3
What is the tens digit of 64350?
5
What is the hundreds digit of 39626?
6
What is the units digit of 6578?
8
What is the tens digit of 10339?
3
What is the thousands digit of 21061?
1
What is the ten thousands digit of 34811?
3
What is the thousands digit of 6951?
6
What is the tens digit of 21313?
1
What is the ten thousands digit of 14195?
1
What is the tens digit of 1363?
6
What is the tens digit of 18922?
2
What is the hundreds digit of 324?
3
What is the ten thousands digit of 42750?
4
What is the hundreds digit of 46407?
4
What is the thousands digit of 22526?
2
What is the ten thousands digit of 13842?
1
What is the units digit of 76158?
8
What is the hundreds digit of 9851?
8
What is the thousands digit of 9007?
9
What is the units digit of 901?
1
What is the tens digit of 11421?
2
What is the thousands digit of 12828?
2
What is the units digit of 21889?
9
What is the units digit of 180?
0
What is the units digit of 40582?
2
What is the units digit of 615?
5
What is the thousands digit of 65204?
5
What is the units digit of 2033?
3
What is the hundreds digit of 923?
9
What is the units digit of 258?
8
What is the thousands digit of 145169?
5
What is the thousands digit of 4668?
4
What is the hundreds digit of 128436?
4
What is the units digit of 47154?
4
Wha